{"id":38,"date":"2021-09-13T09:15:36","date_gmt":"2021-09-13T08:15:36","guid":{"rendered":"https:\/\/stup.ffzg.unizg.hr\/?page_id=38"},"modified":"2021-10-05T23:31:46","modified_gmt":"2021-10-05T22:31:46","slug":"knjiznica","status":"publish","type":"page","link":"https:\/\/stup.ffzg.unizg.hr\/?page_id=38","title":{"rendered":"Knji\u017enica"},"content":{"rendered":"\n<div class=\"wp-block-group pls-shadow pls-radius has-ast-global-color-5-background-color has-background is-layout-constrained wp-container-core-group-is-layout-aae52aff wp-block-group-is-layout-constrained\"><div class=\"wp-block-group__inner-container\">\n<h2 class=\"wp-block-heading\"><strong>STUP-ova knji\u017enica<\/strong><\/h2>\n\n\n\n<p>Pogledajte popis na\u0161ih knjiga i \u010dasopisa i do\u0111ite u na\u0161 prostor kako biste ih posudili!<br><br>Popis mo\u017eete prona\u0107i u dolje prilo\u017eenoj excel tablici.<\/p>\n\n\n\n<div class=\"wp-block-file\"><a href=\"https:\/\/stup.ffzg.unizg.hr\/wp-content\/uploads\/2021\/10\/STUP-knjige-WEB-2.xlsx\">STUP-knjige-WEB-2<\/a><a href=\"https:\/\/stup.ffzg.unizg.hr\/wp-content\/uploads\/2021\/10\/STUP-knjige-WEB-2.xlsx\" class=\"wp-block-file__button\" download>Preuzmi<\/a><\/div>\n<\/div><\/div>\n\n\n\n<div class=\"wp-block-group is-layout-flow wp-block-group-is-layout-flow\"><div class=\"wp-block-group__inner-container\">\n<div class=\"wp-block-image\"><figure class=\"aligncenter size-large\"><img loading=\"lazy\" decoding=\"async\" width=\"1024\" height=\"681\" src=\"https:\/\/stup.ffzg.unizg.hr\/wp-content\/uploads\/2021\/10\/pexels-pixabay-159711-1-1024x681.jpg\" alt=\"\" class=\"wp-image-576\" srcset=\"https:\/\/stup.ffzg.unizg.hr\/wp-content\/uploads\/2021\/10\/pexels-pixabay-159711-1-1024x681.jpg 1024w, https:\/\/stup.ffzg.unizg.hr\/wp-content\/uploads\/2021\/10\/pexels-pixabay-159711-1-300x199.jpg 300w, https:\/\/stup.ffzg.unizg.hr\/wp-content\/uploads\/2021\/10\/pexels-pixabay-159711-1-768x511.jpg 768w, https:\/\/stup.ffzg.unizg.hr\/wp-content\/uploads\/2021\/10\/pexels-pixabay-159711-1-1536x1021.jpg 1536w, https:\/\/stup.ffzg.unizg.hr\/wp-content\/uploads\/2021\/10\/pexels-pixabay-159711-1-2048x1362.jpg 2048w\" sizes=\"auto, (max-width: 1024px) 100vw, 1024px\" \/><\/figure><\/div>\n<\/div><\/div>\n\n\n\n<p><\/p>\n","protected":false},"excerpt":{"rendered":"<p>STUP-ova knji\u017enica Pogledajte popis na\u0161ih knjiga i \u010dasopisa i do\u0111ite u na\u0161 prostor kako biste ih posudili! Popis mo\u017eete prona\u0107i u dolje prilo\u017eenoj excel tablici.<\/p>\n","protected":false},"author":1,"featured_media":0,"parent":0,"menu_order":4,"comment_status":"closed","ping_status":"closed","template":"","meta":{"site-sidebar-layout":"default","site-content-layout":"default","ast-site-content-layout":"default","site-content-style":"default","site-sidebar-style":"default","ast-global-header-display":"","ast-banner-title-visibility":"","ast-main-header-display":"","ast-hfb-above-header-display":"","ast-hfb-below-header-display":"","ast-hfb-mobile-header-display":"","site-post-title":"","ast-breadcrumbs-content":"","ast-featured-img":"","footer-sml-layout":"","ast-disable-related-posts":"","theme-transparent-header-meta":"default","adv-header-id-meta":"","stick-header-meta":"","header-above-stick-meta":"","header-main-stick-meta":"","header-below-stick-meta":"","astra-migrate-meta-layouts":"default","ast-page-background-enabled":"default","ast-page-background-meta":{"desktop":{"background-color":"var(--ast-global-color-4)","background-image":"","background-repeat":"repeat","background-position":"center center","background-size":"auto","background-attachment":"scroll","background-type":"","background-media":"","overlay-type":"","overlay-color":"","overlay-opacity":"","overlay-gradient":""},"tablet":{"background-color":"","background-image":"","background-repeat":"repeat","background-position":"center center","background-size":"auto","background-attachment":"scroll","background-type":"","background-media":"","overlay-type":"","overlay-color":"","overlay-opacity":"","overlay-gradient":""},"mobile":{"background-color":"","background-image":"","background-repeat":"repeat","background-position":"center center","background-size":"auto","background-attachment":"scroll","background-type":"","background-media":"","overlay-type":"","overlay-color":"","overlay-opacity":"","overlay-gradient":""}},"ast-content-background-meta":{"desktop":{"background-color":"var(--ast-global-color-5)","background-image":"","background-repeat":"repeat","background-position":"center center","background-size":"auto","background-attachment":"scroll","background-type":"","background-media":"","overlay-type":"","overlay-color":"","overlay-opacity":"","overlay-gradient":""},"tablet":{"background-color":"var(--ast-global-color-5)","background-image":"","background-repeat":"repeat","background-position":"center center","background-size":"auto","background-attachment":"scroll","background-type":"","background-media":"","overlay-type":"","overlay-color":"","overlay-opacity":"","overlay-gradient":""},"mobile":{"background-color":"var(--ast-global-color-5)","background-image":"","background-repeat":"repeat","background-position":"center center","background-size":"auto","background-attachment":"scroll","background-type":"","background-media":"","overlay-type":"","overlay-color":"","overlay-opacity":"","overlay-gradient":""}},"footnotes":""},"class_list":["post-38","page","type-page","status-publish","hentry"],"aioseo_notices":[],"_links":{"self":[{"href":"https:\/\/stup.ffzg.unizg.hr\/index.php?rest_route=\/wp\/v2\/pages\/38","targetHints":{"allow":["GET"]}}],"collection":[{"href":"https:\/\/stup.ffzg.unizg.hr\/index.php?rest_route=\/wp\/v2\/pages"}],"about":[{"href":"https:\/\/stup.ffzg.unizg.hr\/index.php?rest_route=\/wp\/v2\/types\/page"}],"author":[{"embeddable":true,"href":"https:\/\/stup.ffzg.unizg.hr\/index.php?rest_route=\/wp\/v2\/users\/1"}],"replies":[{"embeddable":true,"href":"https:\/\/stup.ffzg.unizg.hr\/index.php?rest_route=%2Fwp%2Fv2%2Fcomments&post=38"}],"version-history":[{"count":5,"href":"https:\/\/stup.ffzg.unizg.hr\/index.php?rest_route=\/wp\/v2\/pages\/38\/revisions"}],"predecessor-version":[{"id":882,"href":"https:\/\/stup.ffzg.unizg.hr\/index.php?rest_route=\/wp\/v2\/pages\/38\/revisions\/882"}],"wp:attachment":[{"href":"https:\/\/stup.ffzg.unizg.hr\/index.php?rest_route=%2Fwp%2Fv2%2Fmedia&parent=38"}],"curies":[{"name":"wp","href":"https:\/\/api.w.org\/{rel}","templated":true}]}}